mmon divisor of 70 and w.
14
Let x(k) = 50*k - 5. Let s be x(2). Let c = 299 - s. Let j be (-24)/c - (-3742)/17. What is the greatest common divisor of 22 and j?
22
Let o(u) = u**3 + 73*u**2 - 134*u + 1284. Let b be o(-75). Calculate the highest common factor of b and 2492.
28
Let k be 46/(-161) - (-718)/14. What is the greatest common factor of 340 and k?
17
Suppose 5442*s - 5277*s - 14355 = 0. What is the greatest common factor of 81 and s?
3
Let p be 87 - -7 - (-32 + 6). Calculate the greatest common factor of 45 and p.
15
Let s(a) = a**3 + 80*a**2 - 4940*a - 81. Let c be s(41). Let w(l) = l**2 - 3*l - 2. Let u be w(-4). Calculate the greatest common divisor of c and u.
26
Suppose -430*u = -432*u + 88. What is the greatest common factor of 8492 and u?
44
Let d be (-31)/124 - (-1)/4. Suppose d = -2*r - 0*r + 3*c + 351, 5*c = -4*r + 735. Suppose -97 = -4*h + 191. Calculate the greatest common factor of r and h.
36
Let t be 974/12 - (-2)/(-12). Let m = -1479 - -1482. What is the highest common divisor of m and t?
3
Suppose 54 = 3*d + 3*g, 0*g - 3*g = d - 22. Suppose -4*z - 3*y = 23, -y - 3 - 6 = 0. What is the greatest common factor of z and d?
1
Let k be (2 - 1)*(-38 + 35). Let o be 21/((-420)/(-1976)) - k/15. Let x(g) = -12*g + 6. Let p be x(-5). Calculate the highest common factor of o and p.
33
Suppose 82 = 13*q - 61. Suppose -762 = -q*z + 470. Let t(m) = -3*m - 2. Let n be t(-6). Calculate the highest common factor of z and n.
16
Let j = 4610 - 1228. Calculate the greatest common factor of j and 152.
38
Let p(g) = 2*g - 20. Let v be p(-8). Let w = v + 60. What is the greatest common factor of 264 and w?
24
Let f = -4104 + 4742. What is the greatest common divisor of 290 and f?
58
Suppose -61*t + 49 = -54*t. Suppose t*n - 103 = 184. Let z = 924 - 514. Calculate the highest common divisor of z and n.
41
Let q be (-311 + -29)*-1*(-2)/(-5). What is the highest common divisor of 391 and q?
17
Suppose 17*o - 16*o + 50 = 0. Let n be (116/(-20) + 3)/(1/o). What is the greatest common factor of n and 210?
70
Let n(s) = -s**3 + 12*s**2 + 19*s - 6. Let u be n(13). Let k = -40 + u. Let v = 599 + -311. What is the highest common factor of v and k?
32
Let u be 171/3 + -6 + -6. Calculate the greatest common factor of u and 1440.
45
Let q be 2/(-22 + 24 - 209/104). Let t = -153 - q. Calculate the highest common divisor of 5 and t.
5
Suppose -9*a + 3341 = 1856. Suppose -5*h + 0*h + 15 = 0. Let u be 2/(10/a*h). Calculate the highest common divisor of u and 88.
11
Let l(n) = 9*n**2 + 11*n - 1. Let w(u) = -3*u + 17. Let x be w(4). Let m be l(x). What is the highest common divisor of m and 9?
9
Let j = -960 + 199. Let k = j - -772. What is the highest common factor of k and 121?
11
Let j = 1150 + -406. Let p = 205 + j. What is the greatest common factor of 13 and p?
13
Suppose 0 = -2*p, 3*m - 28 = 2*p + 32. Let i = 8 + -7. Let n = i - -3. Calculate the greatest common factor of n and m.
4
Let v(u) = u**2 - 11*u - 11. Let r be v(13). Let j(h) = h**2 + 48*h - 163. Let k be j(-52). Calculate the highest common factor of r and k.
15
Suppose -9*o + 15 = -6*o. Let h be -1 + (o + -1 - (-10 - -11)). Let l be ((-21)/h)/(-3)*6. Calculate the greatest common factor of 7 and l.
7
Let s = 87 + -96. Let g be s/(-3) + -1 + 1*34. Let a(k) = 3*k**2 - 5*k + 4. Let t be a(5). Calculate the highest common factor of t and g.
18
Let b be (7 - 51890)/(-13) - 9. Calculate the highest common divisor of b and 33.
11
Let r = 1061 + -1045. Calculate the highest common divisor of 3464 and r.
8
Let m = 277 + -262. Let o(t) = t**3 - 14*t**2 - 5*t + 32. Let p be o(m). Calculate the greatest common divisor of p and 28.
14
Suppose -2*x + 3*x = 0. Let p be (-53)/((-1)/(x + -1)). Let w = 79 + p. What is the highest common divisor of 65 and w?
13
Suppose -41 = -10*a + 29. What is the highest common factor of a and 4256?
7
Let l(p) = -p**3 - 191*p**2 + 177*p - 2835. Let z be l(-192). Calculate the highest common divisor of z and 4977.
9
Let f(q) = q**2 - 3*q + 9. Let i be f(3). Suppose 2*c = 47 - i. Let y = 37 + 20. What is the greatest common divisor of y and c?
19
Let t(z) = 10*z - 25. Let h be t(6). Suppose -r - 12*p + 575 = -7*p, -3*p = -9. What is the greatest common factor of h and r?
35
Let i be 1612 - 1266 - (-6 + 1)/(3/3). What is the highest common divisor of 39 and i?
39
Let s(r) = r**3 + 19*r**2 + 17*r + 49. Let p be s(-17). What is the greatest common divisor of p and 884?
26
Let y(z) = 31*z + 3. Let a = 14 + -8. Let i be y(a). Let r = -17906 + 17933. Calculate the highest common factor of r and i.
27
Let g be (-21)/14*(-7)/(-3)*4. Let c = g - -14. Suppose c = -28*s + 31*s - 216. What is the highest common factor of s and 108?
36
Suppose 3*z + 4*w - 83 = 1991, -w - 2069 = -3*z. What is the highest common factor of 1242 and z?
138
Suppose -4*b + 4*p + 126 = 2*p, -5*b - 2*p = -180. Let k = 76 - b. Let z(g) = g**2 + 76*g - 755. Let f be z(10). What is the highest common factor of f and k?
21
Let y be 56*(-12 + (-524)/(-8)). What is the highest common factor of y and 7?
7
Let y be (-11458)/(-1) - (38 - 19). Calculate the greatest common divisor of y and 93.
93
Let g(d) = -d + 4. Let l(y) = -y - 307. Let t(r) = -g(r) - l(r). Let a be t(-24). Calculate the highest common factor of 60 and a.
15
Let v be 264/28*(-63)/(-3). What is the highest common factor of 486 and v?
18
Let o(y) = 2*y**3 + 2*y**2 - 2*y - 2. Let m be o(5). Suppose -60*z + 764 = -20836. What is the greatest common factor of z and m?
72
Let q be (2 - 4)/((-4)/6). Suppose q*v + 2*v = 130. Suppose 156*d - 152*d - 3*g - 26 = 0, 0 = 5*d - 3*g - 28. Calculate the highest common divisor of d and v.
2
Let k be ((-4)/12*-6)/(10/(-25)). Let q be (3/k)/(16/(-240)). Suppose -5*o + 0*v + 16 = v, 11 = 5*o - 4*v. What is the highest common divisor of o and q?
3
Let k(a) = -3*a**3 - 8*a**2 - 2*a - 5. Let b be k(-4). Let p be b/7 + 213/497. What is the greatest common factor of 790 and p?
10
Suppose -1890*x + 1913*x = 184. What is the highest common divisor of x and 1540?
4
Let q(t) = 266*t**2 - 11*t + 9. Let o be q(1). Calculate the highest common factor of o and 2442.
66
Let v(d) = 16*d**2 + 19*d + 18. Let w be v(-1). Let m(p) = 4*p - 3. Let u be m(8). Let s = u - -151. Calculate the greatest common divisor of w and s.
15
Let z = -21067 + 22742. Calculate the greatest common divisor of z and 50.
25
Let d(y) = -14*y**2 + 47*y + 15. Let j(q) = 29*q**2 - 93*q - 29. Let g(l) = -7*d(l) - 3*j(l). Let k be g(8). What is the greatest common factor of 52 and k?
26
Let p be (160/24)/(8/18). Calculate the highest common factor of 15060 and p.
15
Let q = -2514 - -2587. What is the highest common factor of 12337 and q?
73
Let g = -957 - -961. Let m(h) = 4*h**3 - 10*h**2 + 4*h - 8. Let n be m(g). Calculate the greatest common divisor of n and 64.
8
Let z(m) = -m**2 - 7*m + 9. Let o be z(-7). Let w = 239 - 162. Let l be 4/(-22) + 7637/w. Calculate the greatest common divisor of l and o.
9
Let m(q) = 39*q - 210. Let i be m(6). Suppose 21*w - i*w - 3*u + 159 = 0, -4*w = -2*u - 182. What is the greatest common factor of 10 and w?
2
Suppose 166*d + 84 = 173*d. Let g be (117/(-18))/(2/4). Let k(r) = -r**3 - 14*r**2 - 16*r - 15. Let w be k(g). Calculate the highest common factor of w and d.
12
Let c(u) = u**3 - 32*u**2 - 72*u + 148. Let f be c(34). Suppose -2*r - 1710 = -f*r. Calculate the greatest common divisor of 38 and r.
19
Let c = 730 + -709. Suppose 2*f + 2*f + 40 = 0. Let v(i) = -i**3 - 9*i**2 + 10*i + 7. Let b be v(f). Calculate the greatest common factor of c and b.
7
Suppose 3*s + 4*k = 5*s, 3*s - 5*k + 1 = 0. Let g be s/(-3 + (-78)/(-30)) + 33. Let l be -1 + 37 - (-4)/2. Calculate the highest common divisor of g and l.
38
Suppose 0 = 28*b - 131*b - 55*b + 10771176. Calculate the greatest common factor of 46 and b.
46
Let p(c) = c**2 - 56*c - 877. Let y be p(-13). Let q = 6 - 9. Let t be (q - -2) + 1 + 20. What is the highest common factor of y and t?
20
Suppose -z + 7 = 5*k, -2*z - 4*k - 6 = 10. Let q = 4 - z. Suppose i = -2*c + 171, 5*c = -5*i + 351 + 64. Calculate the greatest common divisor of q and c.
22
Let l(y) be the first derivative of y**4/4 + 16*y**3/3 - y**2 + 3*y - 41. Let t be l(-16). What is the greatest common factor of 105 and